50?
0
What is the units digit of 682?
2
What is the units digit of 47886?
6
What is the tens digit of 2189?
8
What is the tens digit of 160933?
3
What is the units digit of 2199?
9
What is the tens digit of 6746?
4
What is the units digit of 9393?
3
What is the ten thousands digit of 73350?
7
What is the hundreds digit of 2044?
0
What is the hundred thousands digit of 113194?
1
What is the tens digit of 459?
5
What is the units digit of 34965?
5
What is the tens digit of 3807?
0
What is the thousands digit of 1945?
1
What is the tens digit of 92377?
7
What is the thousands digit of 7918?
7
What is the tens digit of 22951?
5
What is the thousands digit of 113347?
3
What is the hundreds digit of 13892?
8
What is the units digit of 42999?
9
What is the ten thousands digit of 15776?
1
What is the units digit of 1269?
9
What is the hundreds digit of 1526?
5
What is the units digit of 169?
9
What is the hundreds digit of 16904?
9
What is the tens digit of 969?
6
What is the thousands digit of 26970?
6
What is the ten thousands digit of 23859?
2
What is the ten thousands digit of 88121?
8
What is the ten thousands digit of 17173?
1
What is the units digit of 317?
7
What is the tens digit of 4440?
4
What is the hundreds digit of 46747?
7
What is the hundreds digit of 1236?
2
What is the hundreds digit of 4000?
0
What is the thousands digit of 5058?
5
What is the tens digit of 8212?
1
What is the tens digit of 4448?
4
What is the tens digit of 377?
7
What is the hundreds digit of 30302?
3
What is the units digit of 7?
7
What is the units digit of 1445?
5
What is the hundreds digit of 1041?
0
What is the hundreds digit of 7164?
1
What is the units digit of 72?
2
What is the units digit of 138993?
3
What is the hundreds digit of 737?
7
What is the units digit of 9163?
3
What is the thousands digit of 8095?
8
What is the hundreds digit of 113247?
2
What is the units digit of 5075?
5
What is the units digit of 705?
5
What is the tens digit of 8039?
3
What is the thousands digit of 7349?
7
What is the hundreds digit of 40006?
0
What is the units digit of 1952?
2
What is the hundreds digit of 1703?
7
What is the tens digit of 4966?
6
What is the tens digit of 430?
3
What is the units digit of 8368?
8
What is the thousands digit of 1009?
1
What is the hundreds digit of 3595?
5
What is the tens digit of 209?
0
What is the ten thousands digit of 12912?
1
What is the hundreds digit of 1400?
4
What is the units digit of 96609?
9
What is the hundreds digit of 706?
7
What is the thousands digit of 14310?
4
What is the units digit of 1025?
5
What is the thousands digit of 169630?
9
What is the units digit of 3057?
7
What is the units digit of 7081?
1
What is the units digit of 6423?
3
What is the units digit of 6686?
6
What is the tens digit of 33576?
7
What is the units digit of 147643?
3
What is the units digit of 712?
2
What is the units digit of 3603?
3
What is the hundreds digit of 202747?
7
What is the hundreds digit of 10394?
3
What is the tens digit of 35606?
0
What is the thousands digit of 6708?
6
What is the units digit of 1507?
7
What is the ten thousands digit of 17550?
1
What is the hundreds digit of 3410?
4
What is the hundreds digit of 8548?
5
What is the thousands digit of 1460?
1
What is the hundreds digit of 17913?
9
What is the hundreds digit of 14314?
3
What is the hundreds digit of 1497?
4
What is the hundreds digit of 256?
2
What is the tens digit of 146006?
0
What is the units digit of 121906?
6
What is the thousands digit of 21619?
1
What is the tens digit of 28309?
0
What is the hundreds digit of 765?
7
What is the units digit of 36382?
2
What is the hundreds digit of 3071?
0
What is the thousands digit of 8746?
8
What is the units digit of 3163?
3
What is the hundreds digit of 51058?
0
What is the tens digit of 299?
9
What is the units digit of 30999?
9
What is the hundreds digit of 5233?
2
What is the units digit of 532?
2
What is the tens digit of 27749?
4
What is the hundreds digit of 4093?
0
What is the hundreds digit of 6787?
7
What is the units digit of 72?
2
What is the hundreds digit of 2883?
8
What is the units digit of 1802?
2
What is the thousands digit of 2930?
2
What is the hundreds digit of 5219?
2
What is the hundreds digit of 139105?
1
What is the thousands digit of 9774?
9
What is the thousands digit of 8530?
8
What is the ten thousands digit of 167409?
6
What is the units digit of 20667?
7
What is the tens digit of 1454?
5
What is the tens digit of 687?
8
What is the thousands digit of 3625?
3
What is the ten thousands digit of 64544?
6
What is the hundreds digit of 7535?
5
What is the tens digit of 5698?
9
What is the tens digit of 6346?
4
What is the thousands digit of 7027?
7
What is the tens digit of 5636?
3
What is the thousands digit of 10628?
0
What is the ten thousands digit of 73996?
7
What is the tens digit of 2897?
9
What is the ten thousands digit of 190127?
9
What is the hundreds digit of 1214?
2
What is the tens digit of 29451?
5
What is the thousands digit of 2976?
2
What is the units digit of 59419?
9
What is the tens digit of 107?
0
What is the tens digit of 41616?
1
What is the hundreds digit of 588?
5
What is the hundreds digit of 42733?
7
What is the tens digit of 15339?
3
What is the tens digit of 1740?
4
What is the thousands digit of 12317?
2
What is the thousands digit of 2287?
2
What is the units digit of 2860?
0
What is the thousands digit of 43284?
3
What is the units digit of 16177?
7
What is the thousands digit of 1875?
1
What is the tens digit of 8622?
2
What is the units digit of 1649?
9
What is the thousands digit of 1187?
1
What is the hundreds digit of 12358?
3
What is the tens digit of 17796?
9
What is the tens digit of 2652?
5
What is the tens digit of 16037?
3
What is the ten thousands digit of 13348?
1
What is the hundreds digit of 10976?
9
What is the units digit of 69490?
0
What is the units digit of 614?
4
What is the units digit of 644?
4
What is the hundreds digit of 6551?
5
What is the hundreds digit of 471?
4
What is the hundreds digit of 6675?
6
What is the units digit of 1979?
9
What is the ten thousands digit of 12555?
1
What is the units digit of 4211?
1
What is the hundreds digit of 9062?
0
What is the hundreds digit of 1437?
4
What is the ten thousands digit of 29941?
2
What is the hundreds digit of 10553?
5
What is the hundreds digit of 5423?
4
What is the hundreds digit of 7885?
8
What is the hundreds digit of 12264?
2
What is the ten thousands digit of 104128?
0
What is the hundreds digit of 818?
8
What is the units digit of 973?
3
What is the thousands digit of 2492?
2
What is the hundreds digit of 6938?
9
What is the thousands digit of 119296?
9
What is the units digit of 3933?
3
What is the ten thousands digit of 20372?
2
What is the hundreds digit of 1197?
1
What is the tens digit of 4193?
9
What is the units digit of 16947?
7
What is the tens digit of 1784?
8
What is the hundreds digit of 1497?
4
What is the hundreds digit of 3504?
5
What is the units digit of 2062?
2
What is the tens digit of 23461?
6
What is the ten thousands digit of 24069?
2
What is the tens digit of 417?
1
What is the thousands digit of 17027?
7
What is the units digit of 1040?
0
What is the hundreds digit of 1027?
0
What is the thousands digit of 1268?
1
What is the units digit of 35077?
7
What is the tens digit of 2562?
6
What is the hundreds digit of 2318?
3
What is the units digit of 2491?
1
What is the units digit of 221?
1
What is the hundreds digit of 4418?
4
What is the units digit of 24491?
1
What is the units digit of 35915?
5
What is the hundreds digit of 2839?
8
What is the units digit of 640?
0
What is the hundreds digit of 7682?
6
What is the thousands digit of 11311?
1
What is the thousands digit of 2681?
2
What is the units digit of 7871?
1
What is the units digit of 96823?
3
What is the hundreds digit of 934?
9
What is the thousands digit of 5703?
5
What is the hundreds digit of 88777?
7
What is the thousands digit of 5610?
5
What is the tens digit of 3350?
5
What is the units digit of 205?
5
What is the hundreds digit of 64639?
6
What is the hundred thousands digit of 110536?
1
What is the units digit of 2016?
6
What is the ten thousands digit of 12325?
1
What is the hu